{"id":334,"date":"2025-01-13T18:33:44","date_gmt":"2025-01-13T18:33:44","guid":{"rendered":"https:\/\/cacao.rs\/?page_id=334"},"modified":"2025-01-18T22:59:12","modified_gmt":"2025-01-18T22:59:12","slug":"trajna-sminka","status":"publish","type":"page","link":"https:\/\/cacao.rs\/index.php\/trajna-sminka\/","title":{"rendered":"Trajna \u0161minka"},"content":{"rendered":"\t\t<div data-elementor-type=\"wp-page\" data-elementor-id=\"334\" class=\"elementor elementor-334\">\n\t\t\t\t<div class=\"elementor-element elementor-element-a9a0c2f e-con-full e-flex e-con e-parent\" data-id=\"a9a0c2f\" data-element_type=\"container\" data-settings=\"{&quot;background_background&quot;:&quot;classic&quot;,&quot;shape_divider_bottom&quot;:&quot;opacity-fan&quot;}\">\n\t\t\t\t<div class=\"elementor-shape elementor-shape-bottom\" aria-hidden=\"true\" data-negative=\"false\">\n\t\t\t<svg xmlns=\"http:\/\/www.w3.org\/2000\/svg\" viewBox=\"0 0 283.5 19.6\" preserveAspectRatio=\"none\">\n\t<path class=\"elementor-shape-fill\" style=\"opacity:0.33\" d=\"M0 0L0 18.8 141.8 4.1 283.5 18.8 283.5 0z\"\/>\n\t<path class=\"elementor-shape-fill\" style=\"opacity:0.33\" d=\"M0 0L0 12.6 141.8 4 283.5 12.6 283.5 0z\"\/>\n\t<path class=\"elementor-shape-fill\" style=\"opacity:0.33\" d=\"M0 0L0 6.4 141.8 4 283.5 6.4 283.5 0z\"\/>\n\t<path class=\"elementor-shape-fill\" d=\"M0 0L0 1.2 141.8 4 283.5 1.2 283.5 0z\"\/>\n<\/svg>\t\t<\/div>\n\t\t<div class=\"elementor-element elementor-element-d7ad1a9 e-flex e-con-boxed e-con e-child\" data-id=\"d7ad1a9\" data-element_type=\"container\">\n\t\t\t\t\t<div class=\"e-con-inner\">\n\t\t\t\t<div class=\"elementor-element elementor-element-df72594 elementor-widget elementor-widget-heading\" data-id=\"df72594\" data-element_type=\"widget\" data-widget_type=\"heading.default\">\n\t\t\t\t<div class=\"elementor-widget-container\">\n\t\t\t\t\t<h1 class=\"elementor-heading-title elementor-size-default\">Trajna \u0161minka<\/h1>\t\t\t\t<\/div>\n\t\t\t\t<\/div>\n\t\t\t\t\t<\/div>\n\t\t\t\t<\/div>\n\t\t\t\t<\/div>\n\t\t<div class=\"elementor-element elementor-element-3d52021 e-flex e-con-boxed e-con e-parent\" data-id=\"3d52021\" data-element_type=\"container\">\n\t\t\t\t\t<div class=\"e-con-inner\">\n\t\t\t\t<div class=\"elementor-element elementor-element-02ccd7a elementor-widget elementor-widget-text-editor\" data-id=\"02ccd7a\" data-element_type=\"widget\" data-widget_type=\"text-editor.default\">\n\t\t\t\t<div class=\"elementor-widget-container\">\n\t\t\t\t\t\t\t\t\t<div class=\"et_pb_module et_pb_text et_pb_text_1 et_pb_text_align_justified et_pb_bg_layout_light\"><div class=\"et_pb_text_inner\"><p>Trajna \u0161minka, poznata i kao permanentni make-up ili mikropigmentacija, predstavlja postupak uvo\u0111enja pigmenata u gornje slojeve ko\u017ee kako bi se istakle odre\u0111ene crte lica. Ova tehnika omogu\u0107ava dugotrajno nagla\u0161avanje obrva, usana i kapaka, \u010dime se \u0161tedi vreme u svakodnevnom \u0161minkanju. Postupak je idealan za osobe koje \u017eele prirodan izgled ili imaju pote\u0161ko\u0107e u nano\u0161enju klasi\u010dne \u0161minke.<\/p><p><strong>Obrve, usne i kapci<\/strong><br \/>Trajna \u0161minka obrva uklju\u010duje tehniku iscrtavanja dla\u010dica ili sen\u010denje kako bi se postigao puniji i definisaniji izgled obrva. Kod usana, koristi se pigmentacija za nagla\u0161avanje prirodne boje i oblika, a mo\u017ee se posti\u0107i i efekat blagog ru\u017ea. Za kapke, ajlajner se aplicira u blizini trepavica, pru\u017eaju\u0107i efekt gustih trepavica i izra\u017eajniji pogled. Ove tehnike su prilagodljive, pa se rezultat mo\u017ee personalizovati prema \u017eeljama klijenta.<\/p><p><strong>Prednosti trajne \u0161minke<\/strong><br \/>Trajna \u0161minka donosi mnoge benefite, poput u\u0161tede vremena, otpornosti na znoj i vodu, te postizanja urednog izgleda u svakom trenutku. Tako\u0111e, mo\u017ee pomo\u0107i osobama koje imaju retke obrve, nejasan oblik usana ili probleme sa nano\u0161enjem ajlajnera zbog slabijeg vida ili drhtavih ruku. Rezultati traju od 1 do 3 godine, zavisno od tipa ko\u017ee i na\u010dina odr\u017eavanja.<\/p><\/div><\/div>\t\t\t\t\t\t\t\t<\/div>\n\t\t\t\t<\/div>\n\t\t\t\t\t<\/div>\n\t\t\t\t<\/div>\n\t\t<div class=\"elementor-element elementor-element-44fe249 e-flex e-con-boxed e-con e-parent\" data-id=\"44fe249\" data-element_type=\"container\" data-settings=\"{&quot;background_background&quot;:&quot;classic&quot;,&quot;shape_divider_top&quot;:&quot;opacity-fan&quot;,&quot;shape_divider_bottom&quot;:&quot;opacity-fan&quot;}\">\n\t\t\t\t\t<div class=\"e-con-inner\">\n\t\t\t\t<div class=\"elementor-shape elementor-shape-top\" aria-hidden=\"true\" data-negative=\"false\">\n\t\t\t<svg xmlns=\"http:\/\/www.w3.org\/2000\/svg\" viewBox=\"0 0 283.5 19.6\" preserveAspectRatio=\"none\">\n\t<path class=\"elementor-shape-fill\" style=\"opacity:0.33\" d=\"M0 0L0 18.8 141.8 4.1 283.5 18.8 283.5 0z\"\/>\n\t<path class=\"elementor-shape-fill\" style=\"opacity:0.33\" d=\"M0 0L0 12.6 141.8 4 283.5 12.6 283.5 0z\"\/>\n\t<path class=\"elementor-shape-fill\" style=\"opacity:0.33\" d=\"M0 0L0 6.4 141.8 4 283.5 6.4 283.5 0z\"\/>\n\t<path class=\"elementor-shape-fill\" d=\"M0 0L0 1.2 141.8 4 283.5 1.2 283.5 0z\"\/>\n<\/svg>\t\t<\/div>\n\t\t\t\t<div class=\"elementor-shape elementor-shape-bottom\" aria-hidden=\"true\" data-negative=\"false\">\n\t\t\t<svg xmlns=\"http:\/\/www.w3.org\/2000\/svg\" viewBox=\"0 0 283.5 19.6\" preserveAspectRatio=\"none\">\n\t<path class=\"elementor-shape-fill\" style=\"opacity:0.33\" d=\"M0 0L0 18.8 141.8 4.1 283.5 18.8 283.5 0z\"\/>\n\t<path class=\"elementor-shape-fill\" style=\"opacity:0.33\" d=\"M0 0L0 12.6 141.8 4 283.5 12.6 283.5 0z\"\/>\n\t<path class=\"elementor-shape-fill\" style=\"opacity:0.33\" d=\"M0 0L0 6.4 141.8 4 283.5 6.4 283.5 0z\"\/>\n\t<path class=\"elementor-shape-fill\" d=\"M0 0L0 1.2 141.8 4 283.5 1.2 283.5 0z\"\/>\n<\/svg>\t\t<\/div>\n\t\t\t\t<div class=\"elementor-element elementor-element-113db8b elementor-widget elementor-widget-heading\" data-id=\"113db8b\" data-element_type=\"widget\" data-widget_type=\"heading.default\">\n\t\t\t\t<div class=\"elementor-widget-container\">\n\t\t\t\t\t<h4 class=\"elementor-heading-title elementor-size-default\">Cenovnik<\/h4>\t\t\t\t<\/div>\n\t\t\t\t<\/div>\n\t\t\t\t<div class=\"elementor-element elementor-element-f8e3bd5 elementor-widget elementor-widget-text-editor\" data-id=\"f8e3bd5\" data-element_type=\"widget\" data-widget_type=\"text-editor.default\">\n\t\t\t\t<div class=\"elementor-widget-container\">\n\t\t\t\t\t\t\t\t\t<div dir=\"ltr\"><div dir=\"ltr\"><span style=\"color: #ffffff;\">Marija \u010calija &#8211; Expert master i edukator\u00a0<\/span><\/div><div dir=\"ltr\">\u00a0<\/div><div><span style=\"color: #ffffff;\">Obrve:\u00a0<\/span><\/div><div><span style=\"color: #ffffff;\">Sen\u010denje obrva\/Powder brows puder tehnika &#8211; 250e<\/span><\/div><div><span style=\"color: #ffffff;\">Microblading &#8211; Japansko iscrtavanje obrva &#8211; 250e<\/span><\/div><div><span style=\"color: #ffffff;\">Kombinovana tehnika dla\u010dice\u00a0+ sen\u010denje &#8211; 250e<\/span><\/div><div><span style=\"color: #ffffff;\">Iscrtavanje dla\u010dica &#8211; 250e<\/span><\/div><div><span style=\"color: #ffffff;\">Prva korekcija (Najvi\u0161e tri meseca posle tretmana) &#8211; 50e<\/span><\/div><div>\u00a0<\/div><div><div><span style=\"color: #ffffff;\">Obrve mu\u0161karci:<\/span><\/div><div><div><span style=\"color: #ffffff;\">Sen\u010denje obrva\/Powder brows puder tehnika &#8211; 300e<\/span><\/div><div><span style=\"color: #ffffff;\">Microblading &#8211; Japansko iscrtavanje obrva &#8211; 300e<\/span><\/div><div><span style=\"color: #ffffff;\">Kombinovana tehnika dla\u010dice\u00a0+ sen\u010denje &#8211; 300e<\/span><\/div><div><span style=\"color: #ffffff;\">Iscrtavanje dla\u010dica 300e<\/span><\/div><\/div><\/div><div>\u00a0<\/div><div><span style=\"color: #ffffff;\">Usne:<\/span><\/div><div><span style=\"color: #ffffff;\">Trajna \u0161minka usana akvarel efekat &#8211; 250e<\/span><\/div><div><span style=\"color: #ffffff;\">Trajna \u0161minka usana 3D\/Ombre efekat &#8211; 250e<\/span><\/div><div><span style=\"color: #ffffff;\">Trajna \u0161minka usana karmin efekat &#8211; 250e<\/span><\/div><div>\u00a0<\/div><div><span style=\"color: #ffffff;\">Ajlajner:<\/span><\/div><div><span style=\"color: #ffffff;\">Trajna \u0161mnka gornjeg kapka\u00a0&#8211; 250e<\/span><\/div><div><span style=\"color: #ffffff;\">Trajna \u0161minka donjeg kapka &#8211; 250e<\/span><\/div><div>\u00a0<\/div><div><div><span style=\"color: #ffffff;\">Osve\u017eenje obrva\/usna\/ajlajnera:<\/span><\/div><div><span style=\"color: #ffffff;\">Do 18 meseci &#8211; 140e<\/span><\/div><div><span style=\"color: #ffffff;\">Od 18 do\u00a024 meseca &#8211; 180e<\/span><\/div><div><span style=\"color: #ffffff;\">Od 24 meseca &#8211; Puna cena<\/span><\/div><div>\u00a0<\/div><div><span style=\"color: #ffffff;\">Prepravka tudjeg starog rada &#8211; 250e\u00a0<\/span><\/div><\/div><div>\u00a0<\/div><div>\u00a0<\/div><div dir=\"ltr\"><span style=\"color: #ffffff;\">Jelena Jankovi\u0107 &#8211; Master specijalista<\/span><\/div><div dir=\"ltr\">\u00a0<\/div><div dir=\"ltr\"><span style=\"color: #ffffff;\">Obrve:<\/span><\/div><div dir=\"ltr\"><span style=\"color: #ffffff;\">Sen\u010denje obrva\/Powder brows puder tehnika &#8211; 180e<\/span><br \/><div><span style=\"color: #ffffff;\">Microblading &#8211; Japansko iscrtavanje obrva &#8211; 180e<\/span><\/div><div><span style=\"color: #ffffff;\">Kombinovana tehnika dla\u010dice\u00a0+ sen\u010denje &#8211; 180e<\/span><\/div><div><span style=\"color: #ffffff;\">Iscrtavanje dla\u010dica &#8211; 180e<\/span><\/div><div><span style=\"color: #ffffff;\">Prva korekcija (Najvi\u0161e tri meseca posle tretmana) &#8211; 40e<\/span><\/div><div>\u00a0<\/div><div><div><span style=\"color: #ffffff;\">Obrve mu\u0161karci:<\/span><\/div><div><div><span style=\"color: #ffffff;\">Sen\u010denje obrva\/Powder brows puder tehnika &#8211; 250e<\/span><\/div><div><span style=\"color: #ffffff;\">Microblading &#8211; Japansko iscrtavanje obrva &#8211; 250e<\/span><\/div><div><span style=\"color: #ffffff;\">Kombinovana tehnika dla\u010dice\u00a0+ sen\u010denje &#8211; 250e<\/span><\/div><div><span style=\"color: #ffffff;\">Iscrtavanje dla\u010dica &#8211; 250e<\/span><\/div><\/div><div>\u00a0<\/div><\/div><div><span style=\"color: #ffffff;\">Usne:\u00a0<\/span><\/div><div><span style=\"color: #ffffff;\">Trajna \u0161minka usana akvarel efekat &#8211; 200e<\/span><\/div><div><span style=\"color: #ffffff;\">Trajna \u0161minka usana 3D\/Ombre efekat\u00a0&#8211; 200e<\/span><\/div><div><span style=\"color: #ffffff;\">Trajna \u0161minka usana karmin efekat &#8211; 200e<\/span><\/div><div>\u00a0<\/div><div><div><span style=\"color: #ffffff;\">Osve\u017eenje obrva\/usna:<\/span><\/div><div><span style=\"color: #ffffff;\">Do 18 meseci &#8211; 100e<\/span><\/div><div><span style=\"color: #ffffff;\">Od 18 do\u00a024 meseca &#8211; 150e<\/span><\/div><div><span style=\"color: #ffffff;\">Od 24 meseca &#8211; Puna cena<\/span><\/div><div>\u00a0<\/div><div><span style=\"color: #ffffff;\">Prepravka tudjeg starog rada &#8211; 200e<\/span><\/div><\/div><\/div><\/div>\t\t\t\t\t\t\t\t<\/div>\n\t\t\t\t<\/div>\n\t\t\t\t\t<\/div>\n\t\t\t\t<\/div>\n\t\t<div class=\"elementor-element elementor-element-8b0b1a0 e-flex e-con-boxed e-con e-parent\" data-id=\"8b0b1a0\" data-element_type=\"container\">\n\t\t\t\t\t<div class=\"e-con-inner\">\n\t\t<div class=\"elementor-element elementor-element-666b1c0 e-con-full e-flex e-con e-child\" data-id=\"666b1c0\" data-element_type=\"container\">\n\t\t\t\t<div class=\"elementor-element elementor-element-ec58d60 elementor-widget elementor-widget-image\" data-id=\"ec58d60\" data-element_type=\"widget\" data-widget_type=\"image.default\">\n\t\t\t\t<div class=\"elementor-widget-container\">\n\t\t\t\t\t\t\t\t\t\t\t\t\t\t\t<img fetchpriority=\"high\" decoding=\"async\" width=\"904\" height=\"1024\" src=\"https:\/\/cacao.rs\/wp-content\/uploads\/2024\/12\/marija_homepage_header_image-1-904x1024.webp\" class=\"attachment-large size-large wp-image-76\" alt=\"\" srcset=\"https:\/\/cacao.rs\/wp-content\/uploads\/2024\/12\/marija_homepage_header_image-1-904x1024.webp 904w, https:\/\/cacao.rs\/wp-content\/uploads\/2024\/12\/marija_homepage_header_image-1-265x300.webp 265w, https:\/\/cacao.rs\/wp-content\/uploads\/2024\/12\/marija_homepage_header_image-1-768x870.webp 768w, https:\/\/cacao.rs\/wp-content\/uploads\/2024\/12\/marija_homepage_header_image-1.webp 1103w\" sizes=\"(max-width: 904px) 100vw, 904px\" \/>\t\t\t\t\t\t\t\t\t\t\t\t\t\t\t<\/div>\n\t\t\t\t<\/div>\n\t\t\t\t<div class=\"elementor-element elementor-element-22cd9f5 elementor-widget elementor-widget-text-editor\" data-id=\"22cd9f5\" data-element_type=\"widget\" data-widget_type=\"text-editor.default\">\n\t\t\t\t<div class=\"elementor-widget-container\">\n\t\t\t\t\t\t\t\t\t<div dir=\"ltr\"><strong>Marija \u010calija &#8211; Expert master i edukator\u00a0<\/strong><\/div><div dir=\"ltr\">\u00a0<\/div><div dir=\"ltr\">Marija \u010calija je renomirani PMU artist i edukator sa preko 12 godina iskustva u industriji lepote i osniva\u010d Cacao Concept-a.<\/div><div dir=\"ltr\">\u00a0<\/div>\t\t\t\t\t\t\t\t<\/div>\n\t\t\t\t<\/div>\n\t\t\t\t<\/div>\n\t\t<div class=\"elementor-element elementor-element-6e1a2f4 e-con-full e-flex e-con e-child\" data-id=\"6e1a2f4\" data-element_type=\"container\">\n\t\t\t\t<div class=\"elementor-element elementor-element-0ffe9a8 elementor-widget elementor-widget-image\" data-id=\"0ffe9a8\" data-element_type=\"widget\" data-widget_type=\"image.default\">\n\t\t\t\t<div class=\"elementor-widget-container\">\n\t\t\t\t\t\t\t\t\t\t\t\t\t\t\t<img decoding=\"async\" width=\"960\" height=\"960\" src=\"https:\/\/cacao.rs\/wp-content\/uploads\/2025\/01\/image2.jpeg\" class=\"attachment-1536x1536 size-1536x1536 wp-image-540\" alt=\"\" srcset=\"https:\/\/cacao.rs\/wp-content\/uploads\/2025\/01\/image2.jpeg 960w, https:\/\/cacao.rs\/wp-content\/uploads\/2025\/01\/image2-300x300.jpeg 300w, https:\/\/cacao.rs\/wp-content\/uploads\/2025\/01\/image2-150x150.jpeg 150w, https:\/\/cacao.rs\/wp-content\/uploads\/2025\/01\/image2-768x768.jpeg 768w\" sizes=\"(max-width: 960px) 100vw, 960px\" \/>\t\t\t\t\t\t\t\t\t\t\t\t\t\t\t<\/div>\n\t\t\t\t<\/div>\n\t\t\t\t<div class=\"elementor-element elementor-element-57f8966 elementor-widget elementor-widget-text-editor\" data-id=\"57f8966\" data-element_type=\"widget\" data-widget_type=\"text-editor.default\">\n\t\t\t\t<div class=\"elementor-widget-container\">\n\t\t\t\t\t\t\t\t\t<p dir=\"ltr\" style=\"text-align: left;\"><strong>Jelena Jankovi\u0107 &#8211; Master specijalista<\/strong><\/p>\t\t\t\t\t\t\t\t<\/div>\n\t\t\t\t<\/div>\n\t\t\t\t<\/div>\n\t\t\t\t\t<\/div>\n\t\t\t\t<\/div>\n\t\t<div class=\"elementor-element elementor-element-ddd2b08 e-flex e-con-boxed e-con e-parent\" data-id=\"ddd2b08\" data-element_type=\"container\" data-settings=\"{&quot;background_background&quot;:&quot;classic&quot;}\">\n\t\t\t\t\t<div class=\"e-con-inner\">\n\t\t\t\t<div class=\"elementor-element elementor-element-af9be22 elementor-align-center elementor-widget__width-inherit elementor-invisible elementor-widget elementor-widget-button\" data-id=\"af9be22\" data-element_type=\"widget\" data-settings=\"{&quot;_animation&quot;:&quot;bounceIn&quot;}\" data-widget_type=\"button.default\">\n\t\t\t\t<div class=\"elementor-widget-container\">\n\t\t\t\t\t\t\t\t\t<div class=\"elementor-button-wrapper\">\n\t\t\t\t\t<a class=\"elementor-button elementor-button-link elementor-size-sm\" href=\"https:\/\/cacao.rs\/index.php\/kontakt\/\">\n\t\t\t\t\t\t<span class=\"elementor-button-content-wrapper\">\n\t\t\t\t\t\t<span class=\"elementor-button-icon\">\n\t\t\t\t<svg aria-hidden=\"true\" class=\"e-font-icon-svg e-fas-calendar-alt\" viewBox=\"0 0 448 512\" xmlns=\"http:\/\/www.w3.org\/2000\/svg\"><path d=\"M0 464c0 26.5 21.5 48 48 48h352c26.5 0 48-21.5 48-48V192H0v272zm320-196c0-6.6 5.4-12 12-12h40c6.6 0 12 5.4 12 12v40c0 6.6-5.4 12-12 12h-40c-6.6 0-12-5.4-12-12v-40zm0 128c0-6.6 5.4-12 12-12h40c6.6 0 12 5.4 12 12v40c0 6.6-5.4 12-12 12h-40c-6.6 0-12-5.4-12-12v-40zM192 268c0-6.6 5.4-12 12-12h40c6.6 0 12 5.4 12 12v40c0 6.6-5.4 12-12 12h-40c-6.6 0-12-5.4-12-12v-40zm0 128c0-6.6 5.4-12 12-12h40c6.6 0 12 5.4 12 12v40c0 6.6-5.4 12-12 12h-40c-6.6 0-12-5.4-12-12v-40zM64 268c0-6.6 5.4-12 12-12h40c6.6 0 12 5.4 12 12v40c0 6.6-5.4 12-12 12H76c-6.6 0-12-5.4-12-12v-40zm0 128c0-6.6 5.4-12 12-12h40c6.6 0 12 5.4 12 12v40c0 6.6-5.4 12-12 12H76c-6.6 0-12-5.4-12-12v-40zM400 64h-48V16c0-8.8-7.2-16-16-16h-32c-8.8 0-16 7.2-16 16v48H160V16c0-8.8-7.2-16-16-16h-32c-8.8 0-16 7.2-16 16v48H48C21.5 64 0 85.5 0 112v48h448v-48c0-26.5-21.5-48-48-48z\"><\/path><\/svg>\t\t\t<\/span>\n\t\t\t\t\t\t\t\t\t<span class=\"elementor-button-text\">Zaka\u017ei tretman<\/span>\n\t\t\t\t\t<\/span>\n\t\t\t\t\t<\/a>\n\t\t\t\t<\/div>\n\t\t\t\t\t\t\t\t<\/div>\n\t\t\t\t<\/div>\n\t\t\t\t\t<\/div>\n\t\t\t\t<\/div>\n\t\t\t\t<\/div>\n\t\t","protected":false},"excerpt":{"rendered":"<p>Trajna \u0161minka Trajna \u0161minka, poznata i kao permanentni make-up ili mikropigmentacija, predstavlja postupak uvo\u0111enja pigmenata u gornje slojeve ko\u017ee kako bi se istakle odre\u0111ene crte lica. Ova tehnika omogu\u0107ava dugotrajno nagla\u0161avanje obrva, usana i kapaka, \u010dime se \u0161tedi vreme u svakodnevnom \u0161minkanju. Postupak je idealan za osobe koje \u017eele prirodan izgled ili imaju pote\u0161ko\u0107e u [&hellip;]<\/p>\n","protected":false},"author":2,"featured_media":0,"parent":0,"menu_order":0,"comment_status":"closed","ping_status":"closed","template":"elementor_header_footer","meta":{"footnotes":""},"class_list":["post-334","page","type-page","status-publish","hentry"],"blocksy_meta":[],"_links":{"self":[{"href":"https:\/\/cacao.rs\/index.php\/wp-json\/wp\/v2\/pages\/334","targetHints":{"allow":["GET"]}}],"collection":[{"href":"https:\/\/cacao.rs\/index.php\/wp-json\/wp\/v2\/pages"}],"about":[{"href":"https:\/\/cacao.rs\/index.php\/wp-json\/wp\/v2\/types\/page"}],"author":[{"embeddable":true,"href":"https:\/\/cacao.rs\/index.php\/wp-json\/wp\/v2\/users\/2"}],"replies":[{"embeddable":true,"href":"https:\/\/cacao.rs\/index.php\/wp-json\/wp\/v2\/comments?post=334"}],"version-history":[{"count":16,"href":"https:\/\/cacao.rs\/index.php\/wp-json\/wp\/v2\/pages\/334\/revisions"}],"predecessor-version":[{"id":570,"href":"https:\/\/cacao.rs\/index.php\/wp-json\/wp\/v2\/pages\/334\/revisions\/570"}],"wp:attachment":[{"href":"https:\/\/cacao.rs\/index.php\/wp-json\/wp\/v2\/media?parent=334"}],"curies":[{"name":"wp","href":"https:\/\/api.w.org\/{rel}","templated":true}]}}