{"id":332,"date":"2025-01-13T18:33:12","date_gmt":"2025-01-13T18:33:12","guid":{"rendered":"https:\/\/cacao.rs\/?page_id=332"},"modified":"2025-01-18T15:32:17","modified_gmt":"2025-01-18T15:32:17","slug":"depilacija","status":"publish","type":"page","link":"https:\/\/cacao.rs\/index.php\/depilacija\/","title":{"rendered":"Depilacija"},"content":{"rendered":"\t\t<div data-elementor-type=\"wp-page\" data-elementor-id=\"332\" class=\"elementor elementor-332\">\n\t\t\t\t<div class=\"elementor-element elementor-element-a995031 e-con-full e-flex e-con e-parent\" data-id=\"a995031\" data-element_type=\"container\" data-settings=\"{&quot;background_background&quot;:&quot;classic&quot;,&quot;shape_divider_bottom&quot;:&quot;opacity-fan&quot;}\">\n\t\t\t\t<div class=\"elementor-shape elementor-shape-bottom\" aria-hidden=\"true\" data-negative=\"false\">\n\t\t\t<svg xmlns=\"http:\/\/www.w3.org\/2000\/svg\" viewBox=\"0 0 283.5 19.6\" preserveAspectRatio=\"none\">\n\t<path class=\"elementor-shape-fill\" style=\"opacity:0.33\" d=\"M0 0L0 18.8 141.8 4.1 283.5 18.8 283.5 0z\"\/>\n\t<path class=\"elementor-shape-fill\" style=\"opacity:0.33\" d=\"M0 0L0 12.6 141.8 4 283.5 12.6 283.5 0z\"\/>\n\t<path class=\"elementor-shape-fill\" style=\"opacity:0.33\" d=\"M0 0L0 6.4 141.8 4 283.5 6.4 283.5 0z\"\/>\n\t<path class=\"elementor-shape-fill\" d=\"M0 0L0 1.2 141.8 4 283.5 1.2 283.5 0z\"\/>\n<\/svg>\t\t<\/div>\n\t\t<div class=\"elementor-element elementor-element-edb208d e-flex e-con-boxed e-con e-child\" data-id=\"edb208d\" data-element_type=\"container\">\n\t\t\t\t\t<div class=\"e-con-inner\">\n\t\t\t\t<div class=\"elementor-element elementor-element-c433150 elementor-widget elementor-widget-heading\" data-id=\"c433150\" data-element_type=\"widget\" data-widget_type=\"heading.default\">\n\t\t\t\t<div class=\"elementor-widget-container\">\n\t\t\t\t\t<h1 class=\"elementor-heading-title elementor-size-default\">Depilacija<\/h1>\t\t\t\t<\/div>\n\t\t\t\t<\/div>\n\t\t\t\t\t<\/div>\n\t\t\t\t<\/div>\n\t\t\t\t<\/div>\n\t\t<div class=\"elementor-element elementor-element-2f32e81 e-flex e-con-boxed e-con e-parent\" data-id=\"2f32e81\" data-element_type=\"container\">\n\t\t\t\t\t<div class=\"e-con-inner\">\n\t\t\t\t<div class=\"elementor-element elementor-element-c8fef9e elementor-widget elementor-widget-text-editor\" data-id=\"c8fef9e\" data-element_type=\"widget\" data-widget_type=\"text-editor.default\">\n\t\t\t\t<div class=\"elementor-widget-container\">\n\t\t\t\t\t\t\t\t\t<p>Ne\u017ena i glatka ko\u017ea imperativ je savremene \u017eene kada je o lepoti re\u010d. Uklanjanje dla\u010dica deo je odr\u017eavanja li\u010dne higijene, ali i estetski postupak koji omogu\u0107ava da va\u0161a lepota do\u0111e do izra\u017eaja. Redovnom depilacijom, vremenom, dlaka postaje sve tanja i slabijeg folikula. Po\u017eeljno je pre depilacije ne nanositi nikakvu kremu ni losione na telo, zbog boljih efekata uklanjanja dla\u010dica.<\/p><p>Depilacija se vr\u0161i hladnim i toplim voskom. Najoptimalniji vremenski period je jednom mese\u010dno i to posle menstrualnog ciklusa. Sve depilacije u Cacao studiju ne\u017ene su prema ko\u017ei, a istovremeno vrlo efikasne u uklanjanju dla\u010dica. Pogledajte na\u0161 cenovnik za vi\u0161e informacija o vrstama depilacija koje nudimo.<\/p>\t\t\t\t\t\t\t\t<\/div>\n\t\t\t\t<\/div>\n\t\t\t\t\t<\/div>\n\t\t\t\t<\/div>\n\t\t<div class=\"elementor-element elementor-element-5259b0f e-flex e-con-boxed e-con e-parent\" data-id=\"5259b0f\" data-element_type=\"container\" data-settings=\"{&quot;background_background&quot;:&quot;classic&quot;,&quot;shape_divider_top&quot;:&quot;opacity-fan&quot;,&quot;shape_divider_bottom&quot;:&quot;opacity-fan&quot;}\">\n\t\t\t\t\t<div class=\"e-con-inner\">\n\t\t\t\t<div class=\"elementor-shape elementor-shape-top\" aria-hidden=\"true\" data-negative=\"false\">\n\t\t\t<svg xmlns=\"http:\/\/www.w3.org\/2000\/svg\" viewBox=\"0 0 283.5 19.6\" preserveAspectRatio=\"none\">\n\t<path class=\"elementor-shape-fill\" style=\"opacity:0.33\" d=\"M0 0L0 18.8 141.8 4.1 283.5 18.8 283.5 0z\"\/>\n\t<path class=\"elementor-shape-fill\" style=\"opacity:0.33\" d=\"M0 0L0 12.6 141.8 4 283.5 12.6 283.5 0z\"\/>\n\t<path class=\"elementor-shape-fill\" style=\"opacity:0.33\" d=\"M0 0L0 6.4 141.8 4 283.5 6.4 283.5 0z\"\/>\n\t<path class=\"elementor-shape-fill\" d=\"M0 0L0 1.2 141.8 4 283.5 1.2 283.5 0z\"\/>\n<\/svg>\t\t<\/div>\n\t\t\t\t<div class=\"elementor-shape elementor-shape-bottom\" aria-hidden=\"true\" data-negative=\"false\">\n\t\t\t<svg xmlns=\"http:\/\/www.w3.org\/2000\/svg\" viewBox=\"0 0 283.5 19.6\" preserveAspectRatio=\"none\">\n\t<path class=\"elementor-shape-fill\" style=\"opacity:0.33\" d=\"M0 0L0 18.8 141.8 4.1 283.5 18.8 283.5 0z\"\/>\n\t<path class=\"elementor-shape-fill\" style=\"opacity:0.33\" d=\"M0 0L0 12.6 141.8 4 283.5 12.6 283.5 0z\"\/>\n\t<path class=\"elementor-shape-fill\" style=\"opacity:0.33\" d=\"M0 0L0 6.4 141.8 4 283.5 6.4 283.5 0z\"\/>\n\t<path class=\"elementor-shape-fill\" d=\"M0 0L0 1.2 141.8 4 283.5 1.2 283.5 0z\"\/>\n<\/svg>\t\t<\/div>\n\t\t\t\t<div class=\"elementor-element elementor-element-6bccb1b elementor-widget elementor-widget-heading\" data-id=\"6bccb1b\" data-element_type=\"widget\" data-widget_type=\"heading.default\">\n\t\t\t\t<div class=\"elementor-widget-container\">\n\t\t\t\t\t<h4 class=\"elementor-heading-title elementor-size-default\">Cenovnik<\/h4>\t\t\t\t<\/div>\n\t\t\t\t<\/div>\n\t\t\t\t<div class=\"elementor-element elementor-element-da33e9b elementor-widget elementor-widget-text-editor\" data-id=\"da33e9b\" data-element_type=\"widget\" data-widget_type=\"text-editor.default\">\n\t\t\t\t<div class=\"elementor-widget-container\">\n\t\t\t\t\t\t\t\t\t<p><span style=\"color: #ffffff;\">Depilacija celih nogu hladnim voskom 1400<\/span><br \/><span style=\"color: #ffffff;\">Depilacija pola nogu hladnim voskom 800<\/span><br \/><span style=\"color: #ffffff;\">Depilacija plitkih prepona toplim voskom 600<\/span><br \/><span style=\"color: #ffffff;\">Depilacija dubokih prepona toplim voskom 800<\/span><br \/><span style=\"color: #ffffff;\">Brazilska depilacija toplim voskom 1000<\/span><br \/><span style=\"color: #ffffff;\">Cele noge i plitke prepone 1800<\/span><br \/><span style=\"color: #ffffff;\">Cele noge i duboke prepone 2000<\/span><br \/><span style=\"color: #ffffff;\">Depilacija celih ruku hladnim voskom 800<\/span><br \/><span style=\"color: #ffffff;\">Depilacija pola ruku hladnim voskom 500<\/span><br \/><span style=\"color: #ffffff;\">Depilacija stomaka hladnim voskom 600<\/span><br \/><span style=\"color: #ffffff;\">Depilacija pazuha toplim voskom 500<\/span><br \/><span style=\"color: #ffffff;\">Depilacija linije stomaka toplim voskom 400<\/span><br \/><span style=\"color: #ffffff;\">Depilacija donjeg dela le\u0111a toplim voskom 700<\/span><br \/><span style=\"color: #ffffff;\">Depilacija zulufa toplim voskom 500<\/span><br \/><span style=\"color: #ffffff;\">Depilacija nausnica toplim voskom 400<\/span><br \/><span style=\"color: #ffffff;\">Depilacija brade toplim voskom 400<\/span><\/p><p><span style=\"color: #ffffff;\">Brazilska depilacija LYCON toplim voskom 1400<\/span><br \/><span style=\"color: #ffffff;\">Depilacija plitkih prepona LYCON toplim voskom 900<\/span><br \/><span style=\"color: #ffffff;\">Depilacija dubokih prepona LYCON toplim voskom 1000<\/span><br \/><span style=\"color: #ffffff;\">Depilacija pazuha LYCON toplim voskom 800<\/span><br \/><span style=\"color: #ffffff;\">Depilacija nosa LYCON toplim voskom 600<\/span><br \/><span style=\"color: #ffffff;\">Depilacija lica LYCON toplim voskom 1500<\/span><\/p>\t\t\t\t\t\t\t\t<\/div>\n\t\t\t\t<\/div>\n\t\t\t\t\t<\/div>\n\t\t\t\t<\/div>\n\t\t<div class=\"elementor-element elementor-element-36e2367 e-flex e-con-boxed e-con e-parent\" data-id=\"36e2367\" data-element_type=\"container\" data-settings=\"{&quot;background_background&quot;:&quot;classic&quot;}\">\n\t\t\t\t\t<div class=\"e-con-inner\">\n\t\t\t\t<div class=\"elementor-element elementor-element-7e9d165 elementor-align-center elementor-widget__width-inherit elementor-invisible elementor-widget elementor-widget-button\" data-id=\"7e9d165\" data-element_type=\"widget\" data-settings=\"{&quot;_animation&quot;:&quot;bounceIn&quot;}\" data-widget_type=\"button.default\">\n\t\t\t\t<div class=\"elementor-widget-container\">\n\t\t\t\t\t\t\t\t\t<div class=\"elementor-button-wrapper\">\n\t\t\t\t\t<a class=\"elementor-button elementor-button-link elementor-size-sm\" href=\"https:\/\/cacao.rs\/index.php\/kontakt\/\">\n\t\t\t\t\t\t<span class=\"elementor-button-content-wrapper\">\n\t\t\t\t\t\t<span class=\"elementor-button-icon\">\n\t\t\t\t<svg aria-hidden=\"true\" class=\"e-font-icon-svg e-fas-calendar-alt\" viewBox=\"0 0 448 512\" xmlns=\"http:\/\/www.w3.org\/2000\/svg\"><path d=\"M0 464c0 26.5 21.5 48 48 48h352c26.5 0 48-21.5 48-48V192H0v272zm320-196c0-6.6 5.4-12 12-12h40c6.6 0 12 5.4 12 12v40c0 6.6-5.4 12-12 12h-40c-6.6 0-12-5.4-12-12v-40zm0 128c0-6.6 5.4-12 12-12h40c6.6 0 12 5.4 12 12v40c0 6.6-5.4 12-12 12h-40c-6.6 0-12-5.4-12-12v-40zM192 268c0-6.6 5.4-12 12-12h40c6.6 0 12 5.4 12 12v40c0 6.6-5.4 12-12 12h-40c-6.6 0-12-5.4-12-12v-40zm0 128c0-6.6 5.4-12 12-12h40c6.6 0 12 5.4 12 12v40c0 6.6-5.4 12-12 12h-40c-6.6 0-12-5.4-12-12v-40zM64 268c0-6.6 5.4-12 12-12h40c6.6 0 12 5.4 12 12v40c0 6.6-5.4 12-12 12H76c-6.6 0-12-5.4-12-12v-40zm0 128c0-6.6 5.4-12 12-12h40c6.6 0 12 5.4 12 12v40c0 6.6-5.4 12-12 12H76c-6.6 0-12-5.4-12-12v-40zM400 64h-48V16c0-8.8-7.2-16-16-16h-32c-8.8 0-16 7.2-16 16v48H160V16c0-8.8-7.2-16-16-16h-32c-8.8 0-16 7.2-16 16v48H48C21.5 64 0 85.5 0 112v48h448v-48c0-26.5-21.5-48-48-48z\"><\/path><\/svg>\t\t\t<\/span>\n\t\t\t\t\t\t\t\t\t<span class=\"elementor-button-text\">Zaka\u017ei tretman<\/span>\n\t\t\t\t\t<\/span>\n\t\t\t\t\t<\/a>\n\t\t\t\t<\/div>\n\t\t\t\t\t\t\t\t<\/div>\n\t\t\t\t<\/div>\n\t\t\t\t\t<\/div>\n\t\t\t\t<\/div>\n\t\t\t\t<\/div>\n\t\t","protected":false},"excerpt":{"rendered":"<p>Depilacija Ne\u017ena i glatka ko\u017ea imperativ je savremene \u017eene kada je o lepoti re\u010d. Uklanjanje dla\u010dica deo je odr\u017eavanja li\u010dne higijene, ali i estetski postupak koji omogu\u0107ava da va\u0161a lepota do\u0111e do izra\u017eaja. Redovnom depilacijom, vremenom, dlaka postaje sve tanja i slabijeg folikula. Po\u017eeljno je pre depilacije ne nanositi nikakvu kremu ni losione na telo, [&hellip;]<\/p>\n","protected":false},"author":2,"featured_media":0,"parent":0,"menu_order":0,"comment_status":"closed","ping_status":"closed","template":"elementor_header_footer","meta":{"footnotes":""},"class_list":["post-332","page","type-page","status-publish","hentry"],"blocksy_meta":[],"_links":{"self":[{"href":"https:\/\/cacao.rs\/index.php\/wp-json\/wp\/v2\/pages\/332","targetHints":{"allow":["GET"]}}],"collection":[{"href":"https:\/\/cacao.rs\/index.php\/wp-json\/wp\/v2\/pages"}],"about":[{"href":"https:\/\/cacao.rs\/index.php\/wp-json\/wp\/v2\/types\/page"}],"author":[{"embeddable":true,"href":"https:\/\/cacao.rs\/index.php\/wp-json\/wp\/v2\/users\/2"}],"replies":[{"embeddable":true,"href":"https:\/\/cacao.rs\/index.php\/wp-json\/wp\/v2\/comments?post=332"}],"version-history":[{"count":16,"href":"https:\/\/cacao.rs\/index.php\/wp-json\/wp\/v2\/pages\/332\/revisions"}],"predecessor-version":[{"id":509,"href":"https:\/\/cacao.rs\/index.php\/wp-json\/wp\/v2\/pages\/332\/revisions\/509"}],"wp:attachment":[{"href":"https:\/\/cacao.rs\/index.php\/wp-json\/wp\/v2\/media?parent=332"}],"curies":[{"name":"wp","href":"https:\/\/api.w.org\/{rel}","templated":true}]}}